1001010101100 (base 2) in base 7?
-52551
What is -5e (base 16) in base 8?
-136
Convert 7761 (base 10) to base 8.
17121
Convert 211213 (base 4) to base 9.
3264
Convert 4241 (base 6) to base 4.
33001
-715 (base 8) to base 6
-2045
1040 (base 6) to base 13
156
What is 5565 (base 14) in base 12?
8685
What is -4141 (base 6) in base 16?
-39d
Convert -161 (base 10) to base 13.
-c5
What is -10001111 (base 2) in base 9?
-168
Convert -60434 (base 7) to base 13.
-6872
8d (base 14) to base 9
148
Convert 1132 (base 4) to base 8.
136
-1218 (base 10) to base 8
-2302
What is -45668 (base 10) in base 3?
-2022122102
What is -1447 (base 11) in base 10?
-1866
-478 (base 9) to base 7
-1103
Convert -242303 (base 5) to base 9.
-13406
644 (base 7) to base 6
1302
-1294b (base 12) to base 16
-63cb
What is 5656 (base 8) in base 11?
2279
Convert 1c9 (base 13) to base 9.
411
-10010010101101 (base 2) to base 6
-111245
What is 36660 (base 7) in base 8?
22575
What is -4110 (base 5) in base 14?
-29c
-20200 (base 4) to base 16
-220
11826 (base 15) to base 11
38a50
What is c6b (base 13) in base 16?
845
Convert -1532 (base 8) to base 11.
-710
Convert 441 (base 16) to base 8.
2101
What is 102122112 (base 3) in base 4?
2010230
Convert -15094 (base 14) to base 4.
-30300222
Convert -220422 (base 5) to base 15.
-23c7
What is 130213 (base 4) in base 7?
5224
-44532 (base 6) to base 8
-14150
1121001 (base 5) to base 11
14137
What is 38326 (base 9) in base 8?
62266
6692 (base 10) to base 3
100011212
What is 9852 (base 10) in base 16?
267c
What is -2c4 (base 14) in base 12?
-3b0
-3c8 (base 15) to base 9
-1158
What is 14785 (base 13) in base 2?
1001011011110001
431 (base 9) to base 5
2402
Convert -a62 (base 11) to base 9.
-1670
Convert -12886 (base 10) to base 16.
-3256
-68c (base 13) to base 12
-7a2
314c (base 15) to base 13
4989
What is -5244 (base 7) in base 8?
-3465
Convert 309b (base 12) to base 6.
40315
What is -3302 (base 4) in base 14?
-134
-62212 (base 10) to base 15
-13677
What is -10010222 (base 3) in base 10?
-2294
What is -114 (base 11) in base 7?
-253
-6587 (base 13) to base 16
-373a
Convert 1001343 (base 5) to base 16.
3de8
-300 (base 4) to base 9
-53
Convert -2231200 (base 4) to base 6.
-123224
-2881 (base 15) to base 5
-234141
-22042 (base 5) to base 6
-11014
What is 4345 (base 8) in base 4?
203211
Convert 33518 (base 9) to base 4.
11130110
3565 (base 9) to base 11
1aa0
Convert -214 (base 9) to base 6.
-451
Convert 2694 (base 10) to base 11.
202a
-31 (base 13) to base 10
-40
Convert 1011310 (base 4) to base 3.
20010111
What is -1212 (base 12) in base 3?
-2210012
What is 200111 (base 3) in base 9?
614
What is 1a387 (base 11) in base 2?
110111011111001
-3721 (base 10) to base 12
-21a1
What is 11512 (base 6) in base 5?
23300
Convert 101101100110101 (base 2) to base 13.
a821
What is 23103 (base 4) in base 16?
2d3
-816 (base 9) to base 6
-3023
What is -527 (base 15) in base 7?
-3250
868 (base 13) to base 7
4123
Convert -14400 (base 10) to base 6.
-150400
23602 (base 7) to base 4
1133233
What is -64605 (base 7) in base 8?
-37315
What is 125450 (base 6) in base 7?
45612
-1100101 (base 3) to base 6
-4314
Convert 693 (base 14) to base 10.
1305
What is -2c66 (base 13) in base 5?
-202011
Convert 27011 (base 10) to base 12.
1376b
What is -34152 (base 7) in base 3?
-102212210
Convert 313104 (base 5) to base 8.
24244
Convert -99 (base 11) to base 16.
-6c
What is 11100110101001 (base 2) in base 7?
61015
1ec4 (base 15) to base 7
25363
Convert 213001 (base 4) to base 12.
1541
1431304 (base 5) to base 7
154026
What is -223 (base 4) in base 12?
-37
Convert -3489 (base 12) to base 7.
-23046
What is 1782 (base 9) in base 14?
6dc
What is -2031133 (base 4) in base 10?
-9055
Convert 721 (base 15) to base 4.
121012
28181 (base 12) to base 10
55537
Convert -329 (base 11) to base 15.
-1b4
What is 54121 (base 6) in base 8?
16341
3718 (base 10) to base 12
219a
What is -31 (base 15) in base 4?
-232
-5ee (base 15) to base 7
-3635
Convert -326255 (base 7) to base 16.
-e04b
-40222 (base 7) to base 16
-25f6
Convert -1300032 (base 4) to base 5.
-212212
11101010100000 (base 2) to base 8
35240
Convert -1961 (base 11) to base 9.
-3363
Convert 604 (base 10) to base 11.
4aa
Convert -11100110 (base 2) to base 12.
-172
Convert -4431 (base 9) to base 15.
-e7d
What is -404 (base 6) in base 13?
-b5
Convert 1101011 (base 2) to base 7.
212
Convert 841 (base 15) to base 11.
1442
What is 826 (base 13) in base 12?
974
Convert 14434 (base 5) to base 2.
10011011100
Convert 2963 (base 13) to base 8.
13554
3234 (base 7) to base 9
1520
What is -884 (base 10) in base 9?
-1182
Convert 1201 (base 8) to base 4.
22001
27 (base 16) to base 4
213
Convert 912 (base 13) to base 2.
11000000000
121002210 (base 3) to base 2
10110111011011
-7255 (base 8) to base 7
-13645
Convert 22453 (base 6) to base 2.
110010000001
Convert -124 (base 11) to base 13.
-b4
-1001212212 (base 3) to base 2
-101001001000000
116a (base 11) to base 6
11024
Convert a9a (base 15) to base 10.
2395
Convert -29 (base 15) to base 12.
-33
Convert 32021 (base 5) to base 2.
100001011000
Convert 66681 (base 9) to base 13.
17218
What is 107 (base 12) in base 8?
227
What is 65e (base 16) in base 11?
1252
Convert 1308 (base 9) to base 3.
1100022
Convert -55ad (base 14) to base 11.
-10183
What is -11012 (base 5) in base 2?
-1011110101
What is 1151230 (base 6) in base 11?
41aa3
-17361 (base 10) to base 6
-212213
Convert 44 (base 13) to base 12.
48
-11111002 (base 3) to base 13
-1646
What is 313 (base 14) in base 3?
211102
Convert 1ab7 (base 14) to base 11.
3723
What is 60 (base 7) in base 3?
1120
What is -dbe0 (base 16) in base 2?
-1101101111100000
100101001 (base 2) to base 14
173
285d (base 14) to base 9
10712
1ca (base 15) to base 7
1132
45 (base 15) to base 7
122
What is -3023 (base 4) in base 11?
-175
222122 (base 3) to base 15
32e
-d33c (base 16) to base 11
-376a0
What is -1220202102 (base 3) in base 10?
-37730
What is 5131 (base 7) in base 4?
123322
1018 (base 12) to base 5
23443
Convert -42536 (base 10) to base 8.
-123050
Convert -1513 (base 9) to base 12.
-7b6
What is 2521 (base 9) in base 8?
3532
What is -5b2 (base 12) in base 10?
-854
110100100 (base 2) to base 8
644
What is 34f (base 16) in base 9?
1141
What is -5025 (base 6) in base 9?
-1448
What is 5141 (base 9) in base 15?
11ad
213 (base 5) to base 7
112
What is 1004334 (base 5) in base 9?
24221
-131312 (base 5) to base 16
-1457
Convert -23433 (base 6) to base 8.
-6515
Convert 860 (base 9) to base 15.
31c
What is -808 (base 10) in base 14?
-41a
Convert 233 (base 11) to base 2.
100010110
What is 350 (base 6) in base 5?
1023
What is 10001010100 (base 2) in base 5?
13413
What is 101001001000111 (base 2) in base 3?
1001220010
-41c (base 13) to base 2
-1010111101
What is -481 (base 10) in base 5?
-3411
340 (base 16) to base 11
697
8487 (base 9) to base 6
44511
What is 10001121 (base 3) in base 4?
202312
Convert -10012021 (base 3) to base 6.
-14441
Convert -1450 (base 11) to base 4.
-131032
What is 29738 (base 10) in base 11?
20385
Convert -230023 (base 5) to base 10.
-8138
20002 (base 3) to base 2
10100100
What is 10111111 (base 3) in base 6?
15451
What is -bc5 (base 13) in base 9?
-2684
3096 (base 14) to base 7
33246
342 (base 13) to base 11
470
What is c515 (base 13) in base 3?
1101100102
Convert -203 (base 8) to base 15.
-8b
What is 5646 (base 10) in base 3?
21202010
318 (base 15) to base 4
22322
What is -15313 (base 6) in base 4?
-212331
Convert 45342 (base 7) to base 15.
3616
Convert -11a3 (base 13) to base 12.
-1543
Convert -3a3 (base 13) to base 11.
-532
What is -688 (base 11) in base 8?
-1466
-20aa9 (base 11) to base 8
-73623
Convert 100000010110001 (base 2) to base 3.
211201101
4c5d (base 14) to base 10
13411
Convert -c028 (base 15) to base 7.
-226121
51c2 (base 15) to base 8
41602
-13016 (base 7) to base 4
-311303
Convert -965a (base 13) to base 10.
-20862
What is -41 (base 13) in base 8?
-65
2320123 (base 4) to base 11
8960
526 (base 11) to base 13
399
Convert -1012102 (base 3) to base 5.
-12000
Convert -145 (base 8) to base 5.
-401
Convert 27358 (base 10) to base 8.
65336
Convert 196 (base 11) to base 16.
e2
Convert -23646 (base 7) to base 12.
-3693
What is 12133 (base 5) in base 12?
646
11010100 (base